
38 (base 10) to base 6
102
What is -c (base 14) in base 6?
-20
What is -7 (base 8) in base 11?
-7
What is -103 (base 11) in base 3?
-11121
Convert -103 (base 5) to base 11.
-26
63 (base 8) to base 13
3c
What is 1 (base 16) in base 2?
1
What is 235 (base 9) in base 10?
194
Convert 0 (base 10) to base 6.
0
Convert -10100 (base 2) to base 6.
-32
Convert 89 (base 16) to base 13.
a7
-11 (base 12) to base 4
-31
What is 1102 (base 5) in base 3?
12122
What is 4a (base 11) in base 4?
312
Convert 1111 (base 2) to base 11.
14
What is -3 (base 9) in base 4?
-3
Convert 6 (base 7) to base 10.
6
Convert -3 (base 7) to base 14.
-3
Convert -2 (base 16) to base 6.
-2
431 (base 5) to base 14
84
Convert -100 (base 2) to base 14.
-4
-ef (base 16) to base 15
-10e
24 (base 7) to base 14
14
What is 3 (base 16) in base 10?
3
Convert 3 (base 9) to base 12.
3
Convert 28 (base 11) to base 2.
11110
Convert 1000010 (base 2) to base 14.
4a
Convert 11 (base 5) to base 13.
6
What is 2 (base 14) in base 15?
2
What is 46 (base 15) in base 7?
123
What is 166 (base 13) in base 12?
191
-3 (base 8) to base 4
-3
25 (base 6) to base 4
101
-b (base 16) to base 15
-b
1b (base 12) to base 13
1a
What is 31 (base 8) in base 12?
21
What is -a3 (base 14) in base 8?
-217
What is -504 (base 6) in base 13?
-112
Convert -25 (base 13) to base 7.
-43
10 (base 3) to base 5
3
What is -125 (base 12) in base 3?
-20102
Convert -11 (base 2) to base 6.
-3
What is 100 (base 3) in base 11?
9
Convert -3 (base 7) to base 15.
-3
What is 1 (base 10) in base 12?
1
-121 (base 4) to base 7
-34
1 (base 7) to base 3
1
Convert -46 (base 7) to base 4.
-202
Convert -49 (base 13) to base 12.
-51
-3 (base 7) to base 13
-3
What is 111 (base 3) in base 2?
1101
What is -100101110 (base 2) in base 8?
-456
4 (base 14) to base 12
4
Convert -11013 (base 4) to base 3.
-110010
2 (base 4) to base 7
2
12 (base 3) to base 6
5
Convert -1 (base 5) to base 4.
-1
21 (base 7) to base 12
13
10000 (base 2) to base 14
12
What is -43 (base 5) in base 7?
-32
Convert -3023 (base 4) to base 3.
-21112
What is -181 (base 12) in base 6?
-1041
What is -6 (base 10) in base 11?
-6
-100 (base 2) to base 4
-10
-11 (base 3) to base 12
-4
0 (base 7) to base 8
0
7 (base 10) to base 12
7
What is 0 (base 3) in base 9?
0
-23 (base 4) to base 2
-1011
-47 (base 14) to base 8
-77
3 (base 4) to base 9
3
8 (base 11) to base 12
8
Convert -350 (base 6) to base 9.
-163
What is 211 (base 5) in base 6?
132
What is -20 (base 3) in base 9?
-6
-223 (base 5) to base 13
-4b
2131 (base 4) to base 2
10011101
-222 (base 4) to base 10
-42
Convert -1210 (base 4) to base 12.
-84
2 (base 14) to base 2
10
Convert -2d (base 15) to base 12.
-37
What is -3 (base 15) in base 4?
-3
Convert -b0 (base 12) to base 7.
-246
Convert 21 (base 8) to base 7.
23
What is -2 (base 5) in base 9?
-2
What is -1110 (base 2) in base 7?
-20
Convert -124 (base 5) to base 14.
-2b
What is 1041 (base 6) in base 4?
3301
Convert 201 (base 6) to base 9.
81
-1000 (base 2) to base 5
-13
What is 1333 (base 4) in base 5?
1002
What is c (base 14) in base 4?
30
-14a (base 12) to base 14
-106
337 (base 8) to base 4
3133
17 (base 15) to base 12
1a
Convert -99 (base 15) to base 13.
-b1
What is 11011 (base 2) in base 8?
33
What is 1 (base 12) in base 8?
1
Convert -22 (base 14) to base 15.
-20
88 (base 15) to base 16
80
e9 (base 15) to base 3
22010
-25 (base 9) to base 3
-212
What is -10 (base 14) in base 8?
-16
What is -6 (base 10) in base 7?
-6
What is 121 (base 9) in base 8?
144
What is -4 (base 10) in base 14?
-4
What is 1012 (base 3) in base 9?
35
Convert 104 (base 5) to base 15.
1e
Convert -5 (base 10) to base 12.
-5
-67 (base 13) to base 5
-320
Convert -3b (base 12) to base 13.
-38
3 (base 10) to base 2
11
-27 (base 16) to base 3
-1110
Convert 18 (base 14) to base 8.
26
-20 (base 8) to base 4
-100
Convert -37 (base 11) to base 5.
-130
Convert 105 (base 6) to base 15.
2b
What is -2 (base 16) in base 3?
-2
-1 (base 13) to base 16
-1
Convert 28 (base 13) to base 6.
54
What is 10 (base 2) in base 5?
2
6 (base 9) to base 14
6
5 (base 16) to base 5
10
What is -2 (base 4) in base 2?
-10
-22111 (base 3) to base 9
-274
-57 (base 14) to base 2
-1001101
Convert 10011101 (base 2) to base 5.
1112
Convert 76 (base 9) to base 11.
63
What is -7c (base 15) in base 9?
-140
10 (base 11) to base 3
102
Convert 6 (base 11) to base 6.
10
What is -160 (base 8) in base 13?
-88
Convert -1a0 (base 11) to base 10.
-231
Convert 0 (base 10) to base 16.
0
Convert 6 (base 12) to base 8.
6
What is -13 (base 8) in base 7?
-14
41 (base 14) to base 10
57
2 (base 12) to base 9
2
1 (base 14) to base 6
1
2 (base 16) to base 7
2
10 (base 4) to base 12
4
What is -5 (base 10) in base 3?
-12
Convert -78 (base 11) to base 15.
-5a
-64 (base 8) to base 3
-1221
-25 (base 15) to base 5
-120
What is -100000111 (base 2) in base 5?
-2023
What is -531 (base 6) in base 8?
-307
What is 45 (base 9) in base 15?
2b
Convert 112 (base 7) to base 16.
3a
Convert -2 (base 16) to base 2.
-10
35 (base 13) to base 9
48
Convert -14 (base 12) to base 15.
-11
What is -1100011 (base 2) in base 11?
-90
-7 (base 8) to base 14
-7
Convert 431 (base 6) to base 5.
1123
-2 (base 8) to base 9
-2
What is 111 (base 2) in base 11?
7
What is -58 (base 11) in base 13?
-4b
What is 6 (base 10) in base 12?
6
Convert 1100111 (base 2) to base 4.
1213
-30 (base 4) to base 2
-1100
What is -1 (base 12) in base 10?
-1
Convert 7 (base 14) to base 4.
13
12 (base 6) to base 9
8
What is 49 (base 11) in base 12?
45
-2 (base 16) to base 11
-2
Convert 22212 (base 3) to base 11.
1a8
Convert -2012 (base 3) to base 7.
-113
-10 (base 2) to base 8
-2
4 (base 8) to base 3
11
Convert 12 (base 6) to base 13.
8
-42 (base 5) to base 10
-22
-10 (base 2) to base 12
-2
10 (base 3) to base 10
3
Convert 2 (base 15) to base 5.
2
Convert 2 (base 10) to base 13.
2
What is 3 (base 10) in base 13?
3
211 (base 8) to base 12
b5
10010010 (base 2) to base 5
1041
What is -1201 (base 3) in base 5?
-141
31 (base 5) to base 9
17
Convert -3 (base 7) to base 5.
-3
Convert 6 (base 13) to base 5.
11
Convert 10 (base 2) to base 10.
2
-3 (base 7) to base 12
-3
What is b (base 14) in base 11?
10
Convert 16 (base 13) to base 10.
19
Convert -12 (base 5) to base 3.
-21
-21 (base 15) to base 8
-37
112 (base 3) to base 13
11
What is 19 (base 13) in base 11?
20
What is -120 (base 3) in base 11?
-14
What is 121 (base 4) in base 10?
25
What is 33 (base 12) in base 11?
36
What is -2 (base 11) in base 6?
-2
Convert 0 (base 16) to base 6.
0
-22 (base 16) to base 4
-202
58 (base 11) to base 10
63
What is 0 (base 7) in base 6?
0
11 (base 2) to base 11
3
115 (base 13) to base 16
bb
42 (base 11) to base 10
46
What is -43 (base 15) in base 13?
-4b
-10 (base 2) to base 11
-2
1 (base 7) to base 10
1
-1 (base 16) to base 13
-1
Convert -110 (base 2) to base 3.
-20
Convert -1 (base 12) to base 14.
-1
135 (base 13) to base 15
e3
What is -2 (base 5) in base 13?
-2
Convert -7b (base 14) to base 12.
-91
Convert b1 (base 15) to base 2.
10100110
What is 14 (base 9) in base 6?
21
-65 (base 7) to base 6
-115
22 (base 9) to base 2
10100
Convert 21 (base 16) to base 2.
100001
What is -12 (base 9) in base 14?
-b
What is -2 (base 7) in base 3?
-2
What is 1 (base 13) in base 7?
1
0 (base 11) to base 8
0
Convert 4 (base 16) to base 11.
4
Convert 51 (base 16) to base 5.
311
Convert -1 (base 4) to base 15.
-1
What is -38 (base 14) in base 2?
-110010
-433 (base 9) to base 2
-101100010
-2 (base 12) to base 3
-2
What is -3 (base 6) in base 7?
-3
Convert -141 (base 6) to base 14.
-45
Convert -110 (base 2) to base 4.
-12
Convert -32 (base 15) to base 5.
-142
What is -100100 (base 2) in base 7?
-51
What is 2 (base 11) in base 14?
2
What is 3 (base 15) in base 14?
3
5 (base 15) to base 14
5
Convert -e (base 16) to base 8.
-16
-12 (base 6) to base 2
-1000
-1 (base 16) to base 9
-1
41 (base 8) to base 12
29
11 (base 12) to base 15
d
-4 (base 13) to base 8
-4
Convert -2 (base 7) to base 2.
-10
What is 2 (base 3) in base 13?
2
What is -1 (base 8) in base 16?
-1
-46 (base 11) to base 16
-32
-55 (base 13) to base 6
-154
Convert 2 (base 3) to base 7.
2
What is -30 (base 13) in base 2?
-100111
What is 54 (base 14) in base 11?
68
b1 (base 12) to base 6
341
1 (base 10) to base 8
1
What is 